 - 24 = 0. List the prime factors of h.
2
Let y(q) = 6*q**2 - 3. Let t be y(-3). Let n = -35 + t. What are the prime factors of n?
2
Suppose -6*k + k = -415. What are the prime factors of k?
83
Let j be (34/6)/(5/15). Suppose -95 = -5*d - 2*v - v, -j = -d - v. What are the prime factors of d?
2, 11
Let n(h) = 3*h**3 - 6*h**2 - 15*h - 8. Let d(x) = -4*x**3 + 9*x**2 + 22*x + 12. Let l(t) = -5*d(t) - 7*n(t). What are the prime factors of l(-3)?
11
Let w = 308 + -192. List the prime factors of w.
2, 29
Let o(h) = h**2 - 3*h - 4. Let s be o(4). Let k(y) = 7 - 11*y + 7*y + 3*y. What are the prime factors of k(s)?
7
Let n(b) = -11 + 2*b + 2*b + 14 + 17. Let i(s) = -3*s - 13. Let t(o) = 8*i(o) + 5*n(o). What are the prime factors of t(-4)?
2, 3
Suppose 3*q - 5*q + 6 = 0. Suppose -3*x + 8*x = -4*h - 6, h = x + q. Suppose 6 = d - h. List the prime factors of d.
7
Let v(k) = -k**2 + 4*k + 3. Let o be v(3). Suppose -z + 3*m = -2*z + o, z + 2*m = 9. Let h = z + 5. List the prime factors of h.
2, 5
Suppose j - 10 = 6*j. Let y be (-43)/(-2) - j/4. Let d = 1 + y. What are the prime factors of d?
23
Let s = -16 - -3. Suppose -z + 0*z + 13 = -3*r, -2*r + 5*z = 0. Let b = r - s. List the prime factors of b.
2
List the prime factors of (-4)/(-8) + (-89)/(-2).
3, 5
What are the prime factors of 38/8 - (-3)/12?
5
Suppose -3*o + 279 = 3*p - 153, -5*p + 5*o = -710. What are the prime factors of p?
11, 13
What are the prime factors of (-6)/(((-1)/4)/((-8)/(-12)))?
2
Let w = 12 + 12. Suppose -3*m = m - w. Let j(x) = 2*x. What are the prime factors of j(m)?
2, 3
What are the prime factors of 5/((-86)/(-42) - (-8)/(-4))?
3, 5, 7
Let w(h) = -7*h + 10. What are the prime factors of w(-10)?
2, 5
Suppose y + 25 = -5*w, -3*y + 0*y - 2*w - 10 = 0. Suppose y*p + 36 = 3*p. List the prime factors of p.
2, 3
Suppose -3*t + 163 = 5*p, -4*t = p + 3*p - 132. What are the prime factors of p?
2
Suppose x + 6 = -f - 0*x, 10 = -2*f - 4*x. Suppose 4*g = 5*v + 106, -3*v = v + g + 68. Let u = f - v. List the prime factors of u.
11
What are the prime factors of (-2)/(-17) - (-4910)/170?
29
Let a be -19*(3 - (1 + 3)). Suppose 0 = -5*o + 26 + a. List the prime factors of o.
3
Let x(s) = 16*s - 20. List the prime factors of x(8).
2, 3
Suppose -4*l = k - 8 + 32, -3*l - 2*k - 13 = 0. Let f = 3 - l. List the prime factors of (5/f)/((-1)/(-22)).
11
Let r(n) = 2*n**3 - 3*n**2 - n + 2. Let x be r(2). Let y(l) = -l + 11. What are the prime factors of y(x)?
7
Suppose 4*f = -5*d + 40, 2*d - 4*d + 30 = 3*f. Let p = f + -10. Suppose 4*y = -3*u + 35, -2*y + 15 = -p*y + u. List the prime factors of y.
5
Let u = -5 - -8. Let z(k) = 17*k**2 + k. Let t be z(1). Suppose u*w = t - 3. What are the prime factors of w?
5
List the prime factors of ((-125)/100)/(1/(-48)).
2, 3, 5
Let f(b) = -b**2 + 5*b + 3. Let r be f(-3). Let x = r - -42. List the prime factors of x.
3, 7
Let h(g) = g - 5*g**2 + 2 - 5*g + 6*g**2. What are the prime factors of h(4)?
2
Let i(t) = -7*t - 5. Let w = 3 - 7. What are the prime factors of i(w)?
23
Suppose -5*a = -12 - 8, 0 = -2*x + 2*a + 442. What are the prime factors of x?
3, 5
List the prime factors of (2 - -1)/(30/1900).
2, 5, 19
Suppose -3*v - v = -240. What are the prime factors of v?
2, 3, 5
Suppose -896 = -6*k - 62. What are the prime factors of k?
139
Suppose -2*g - 1 = -3*v, 0 = -5*v + 18 - 3. Suppose -g*r = -0*r - 744. What are the prime factors of (-2)/(-5) - r/(-10)?
19
Suppose -2*q = h - 563, 264 = 5*q + 2*h - 1143. List the prime factors of q.
281
Suppose 3*g - 12 = 2*c, -2*g - 3*c + 8 = -0*g. Let u = -31 + 34. Suppose -v = -u - g. What are the prime factors of v?
7
Let y(j) = 5*j**2 - 3*j + 5. What are the prime factors of y(5)?
5, 23
Let o = 4 + 1. Suppose -o*n - 2 = 2*z - 22, -5*n - 40 = -2*z. What are the prime factors of z?
3, 5
Suppose 2*w + 2*c + 114 = 0, w = 5*w - 4*c + 244. Let a = -22 - w. What are the prime factors of a?
37
Let d(c) = -c**2 + 3*c + 3. Let g be 2 + (12/(-2))/(-3). Let v be d(g). Let y = v + 4. List the prime factors of y.
3
Let r = 23 + 11. List the prime factors of r.
2, 17
Let g(o) = -o**2 - 3*o - 2. Let q be g(-2). Suppose q*d - f + 17 = d, 2*f = d - 32. What are the prime factors of d?
2, 11
Let c(j) = -j**3 - 6*j**2 + 6*j - 5. Let p be c(-7). Let g(f) = f**3 - 8*f**2 + f. Let o be g(8). List the prime factors of o/(-3)*(-3)/p.
2
Let n be (1/(-3))/(3/(-9)). Suppose 2*w - 3 = 4*i + n, 2*i + 2*w = -8. Let t = 3 - i. What are the prime factors of t?
5
Let f = 4 - 0. Suppose f = 2*u - 0*u. Suppose u*a + 21 = 5*a. What are the prime factors of a?
7
List the prime factors of 1 + 314 + (-7)/(7/(-2)).
317
Let k = 24 - 0. What are the prime factors of k?
2, 3
Let o(m) = -13*m**3 + 2*m**2 - 1. Let j be o(-1). Suppose -q - 11 = -0*q - 4*a, -j = q - 5*a. List the prime factors of (42/(-3)*q)/(-1).
2, 7
Let u(q) = -q**2 + 2. Let r be u(0). List the prime factors of r/8 + (-581)/(-28).
3, 7
Let j(v) = v**3 + 5*v**2. Let d be j(-5). Suppose d = 2*y + 2*y - 16. Suppose -2*a - y = -38. What are the prime factors of a?
17
Suppose 3*s = s + 32. Let y = s + -5. What are the prime factors of y?
11
Suppose -4*j = -v + 52, -v + 4*v = 3*j + 156. Suppose 2*c - 68 - v = 0. What are the prime factors of c?
2, 3, 5
Suppose 6 = -2*j, 3*j - 33 + 292 = 5*b. Suppose -b = -5*r + 50. What are the prime factors of r?
2, 5
Let r = 40 + -8. Let z be (-6)/2 + 1 - -5. Suppose 4*g - 2 = -2*l + r, -29 = -z*g - 5*l. List the prime factors of g.
2
Let m(x) = 9*x - 2*x + x**2 + 0*x + 4. Let u be m(-6). What are the prime factors of -2*1*u*1?
2
Let d = 70 - -31. List the prime factors of d.
101
Let m be (-16)/(-6)*(-9)/(-6). Suppose 0 = n - m*n + 12. Suppose -n*u = j - 12, -j - 3*u + 13 - 3 = 0. What are the prime factors of j?
2
Suppose 3*y + 281 = 5*o, 5 = -2*y + 1. List the prime factors of o.
5, 11
Let f be 6*3*(-2)/(-18). What are the prime factors of (-1242)/(-66) + f/11?
19
Let s be (4 - 4)*2/(-4). Suppose 0*q + 2*q - 54 = -3*n, q + n - 29 = s. What are the prime factors of q?
3, 11
Suppose 0 = -5*q + 45 + 45. List the prime factors of q.
2, 3
Let f(l) = -l + 2. Let g = -2 + 0. Let z be f(g). Suppose 0*i - 35 = -z*i - 3*j, 0 = 2*j - 2. List the prime factors of i.
2
List the prime factors of (-1)/((-4)/10)*22.
5, 11
Suppose 0 = 4*j - 73 - 39. Suppose j = 7*k - 5*k. What are the prime factors of k?
2, 7
Let b be 1 + 3 - (5 + -3). Let a(n) = -2 + n + 10*n - 2*n + n**b. List the prime factors of a(-10).
2
Suppose 452 = 2*f - 4*d, d + 4*d - 443 = -2*f. What are the prime factors of f?
2, 7
Let g be (-8)/(-12) + (-4)/(-3). Suppose 2*v + 5*b - 25 = 0, 2*v + 3*v + 4*b = 37. Suppose -g*u + 1 = -v. What are the prime factors of u?
3
Let l = 14 - -34. List the prime factors of l.
2, 3
Let u be 316/(-28) - 4/(-14). Let a be 2/6 - (-47)/3. Let w = u + a. What are the prime factors of w?
5
Let t = -7 - -8. Let a be t/2*(10 - 2). Suppose 0 = -a*b + 2*s + 56, -4*b = -s + 6*s - 42. What are the prime factors of b?
13
Let t(a) = -a**3 + 13*a**2 - a + 14. Let n be t(13). Let f = n + 8. What are the prime factors of f?
3
Suppose -3*m = 5*u - 8, -3*m - 8 = 2*u - 4. What are the prime factors of u?
2
Let d(v) be the second derivative of v**5/5 - v**4/6 - v**3/3 - v**2/2 - 2*v. Let m be d(-1). Let t = m + 12. What are the prime factors of t?
7
Let s(c) be the second derivative of -1/2*c**4 + 0 + 3/2*c**2 + 1/20*c**5 + 0*c**3 + c. What are the prime factors of s(6)?
3
Let x(t) = t**3 + 3*t**2 - 5*t - 3. Let y be x(-3). Suppose -y = 5*a - 2. List the prime factors of 12*1 + (a - -2).
2, 3
Let c = -5 - -3. Let s(i) = -8*i + 2. What are the prime factors of s(c)?
2, 3
Let z(i) = 2*i. Let w be z(-4). Let k(j) = -j**3 - 7*j**2 + 5*j - 8. Let y be k(w). Suppose y = 4*o + 2*v, 3*v - v + 24 = 4*o. What are the prime factors of o?
5
Let b(c) = -c + 6. Let m be b(7). Let y = 0 - m. Let a = y - -1. List the prime factors of a.
2
Let u = 4 - 1. Suppose -18 = h + 5*q, -3*h - u*q = -0*h + 6. List the prime factors of h.
2
What are the prime factors of (7/28)/((-1)/(-44))?
11
List the prime factors of (-2 + 1)*(-9 + 5).
2
Let q(o) = -o**3 + 3*o**2 + 2*o - 4. Let v be q(3). Suppose 15 = -3*a, 3 = v*u + 3*a + 16. Suppose 10 = m - u. What are the prime factors of m?
11
Let d(f) be the second derivative of -1/2*f**2 +